{"id":104,"date":"2014-03-04T08:55:30","date_gmt":"2014-03-04T06:55:30","guid":{"rendered":"http:\/\/minitiimi.com\/minitiimiwp\/?page_id=104"},"modified":"2019-10-09T14:04:31","modified_gmt":"2019-10-09T11:04:31","slug":"pentueet-my-breeding","status":"publish","type":"page","link":"https:\/\/www.minitiimi.com\/?page_id=104","title":{"rendered":"Pentueet | My breeding"},"content":{"rendered":"<blockquote><p>Olen vasta aloitellut pienimuotoista shetlanninlammaskoirakasvatusta. Pentueita olen kasvattanut vuodesta 2002. Pohjaty\u00f6t\u00e4 olen tehnyt kuitenkin vuodesta 1992, jolloin hankin ensimm\u00e4isen shelttini.<\/p><\/blockquote>\n<p>Vaikka kriteerini jalostuskoiralle on tiukat (terveys, rodunomaisuus ja hyv\u00e4 luonne), katson koiraa aina kokonaisuutena. Perusl\u00e4ht\u00f6kohdat tulee olla kunnossa &#8211; t\u00e4ydellist\u00e4 sheltti\u00e4h\u00e4n ei ole olemassakaan. Suunnitelmallisen jalostusty\u00f6n tavoitteena on yritt\u00e4\u00e4 kitke\u00e4 jalostusyksil\u00f6iden olemassa olevat viat pois tulevista sukupolvista. Menett\u00e4m\u00e4tt\u00e4 mit\u00e4\u00e4n olevista tai saavutetuista hyvist\u00e4 ominaisuuksista. Siin\u00e4 on haastetta kerrakseen!<\/p>\n<hr \/>\n<p>Syntym\u00e4tt\u00f6mille pennuille en ole ottanut varauksia, mutta pennuista kiinnostuneiden toivoisin ottavan yhteytt\u00e4 minuun ja kertovan itsest\u00e4\u00e4n ja pentu- ja harrastustoiveistaan jo hyviss\u00e4 ajoin ennen pentueen syntym\u00e4\u00e4. Mit\u00e4 kauemmin pentujonottajan tunnen, sit\u00e4 paremmin pystyn valitsemaan kullekin tarpeisiin parhaiten sop\u00edvan pennun, sill\u00e4 ostajakandidaatit eiv\u00e4t meill\u00e4 saa itse valita pentuaan, eik\u00e4 pentuja jaeta uusiin koteihin jonotusj\u00e4rjestyksess\u00e4. Tavoitteenani on, ett\u00e4 oikea perhe saa oikean pennun ja oikea pentu kohtaa el\u00e4m\u00e4ns\u00e4 ihmisen.<\/p>\n<p>Jos olet jo monessa pentujonossa odottamassa pentua itsellesi, arvostaisin, jos kertoisit siit\u00e4 ottaessasi yhteytt\u00e4 minuun ensimm\u00e4isen kerran.<\/p>\n<p>Meid\u00e4n pennut luovutetaan rekister\u00f6ityin\u00e4, virallisesti silm\u00e4tarkastettuina, mikrosirutettuina ja el\u00e4inl\u00e4\u00e4k\u00e4rin tarkastamina 8 viikon i\u00e4ss\u00e4. Pennut el\u00e4v\u00e4t 3-4-viikkoisista l\u00e4htien &#8221;jaloissa&#8221;, joten ne ovat tottuneet el\u00e4misen \u00e4\u00e4niin, hajuihin ja makuihin luovutusik\u00e4\u00e4n menness\u00e4 ja saaneet samalla kontakteja niin vieraisiin ihmisiin kuin muihin el\u00e4imiinkin.<\/p>\n<p>Vieraat, my\u00f6s lapsivieraat, ovat tervetulleita tutustumaan pentuihini aikaisintaan kolmen viikon i\u00e4ss\u00e4. Pennut totutetaan pienest\u00e4 pit\u00e4en niin k\u00e4sittelyyn (harjaus, kynnenleikkaus, pesu ja kuivaus) kuin autoiluun ja jopa kaulapantaan ja hihnaan. Ulkoilemaan pennut p\u00e4\u00e4sev\u00e4t s\u00e4iden salliessa ensimm\u00e4isen kerran noin 4 viikon i\u00e4ss\u00e4, joten ne osaavat tehd\u00e4 tarpeitaan pihalle jo hyviss\u00e4 ajoin ennen luovutusik\u00e4\u00e4. Luovutusik\u00e4inen pentu ei ole kuitenkaan sis\u00e4siisti.<\/p>\n<hr \/>\n<p>Minitiimi Suomen Kennelliiton <a title=\"Minitiimin sheltit KoiraNetiss\u00e4\" href=\"http:\/\/jalostus.kennelliitto.fi\/frmKoirat.aspx?Uusi=1&amp;R=88&amp;Nimi=minitiimi&amp;Kotimaiset=0\" target=\"_blank\" rel=\"noopener noreferrer\">KoiraNetiss\u00e4.<\/a><\/p>\n<p><b>Valiot | <span style=\"color: #888888;\">Champions<\/span><\/b><\/p>\n<p><b>FI MVA V-08<\/b> Minitiimin One Man Show<br \/>\n<b>CIB &amp; FI &amp; SE &amp; NO &amp; POHJ MVA POHJVV-13 VV-16 HEVV-16 POHJVV-17 HEVV-17<br \/>\n<\/b>Minitiimin Quest For Glory<br \/>\n<b>CIB &amp; FI &amp; SE &amp; NO &amp; POHJ MVA <b>HEV-13 POHJV-13 V-13 HEV-15<br \/>\n<\/b><\/b>Minitiimin Unique Like Me<br \/>\n<b>FI MVA HEV-15<\/b> Minitiimin Updated Quizz<br \/>\n<strong>FI &amp; SE MVA<\/strong> <strong>HEJV-12 HEV-12<\/strong> Minitiimin You Make Hearts Sing<br \/>\n<strong>FI MVA<\/strong> Minitiimin I Do I Do I Do<\/p>\n<p><strong>FI AVA<\/strong> Minitiimin Save Our Souls (+ 2 x SERT | <span style=\"color: #999999;\">2 x CC<\/span>)<\/p>\n<p><b>Sertifikaattivoittajat | <span style=\"color: #888888;\">CC winners<\/span><\/b><\/p>\n<p>Minitiimin Shine On High, 1 x SERT | <span style=\"color: #888888;\">1 x CC<\/span><br \/>\nMinitiimin Whole Lotta Voltage, 1 x SERT | <span style=\"color: #888888;\">1 x CC<\/span><br \/>\nMinitiimin Who&#8217;s Got The Bling, 1 x SERT | <span style=\"color: #888888;\">1 x CC<br \/>\n<span style=\"color: #000000;\">Minitiimin Closer To Glory, 1 x SERT | <span style=\"color: #999999;\">1 x CC<\/span><\/span><br \/>\n<\/span><\/p>\n<p><b>ERI:ll\u00e4 palkitut | <span style=\"color: #888888;\">Awarded with Excellent<\/span><\/b><\/p>\n<p>Minitiimin Quizz Show<br \/>\nMinitiimin Seize The Day<br \/>\nMinitiimin Strike A Pose<br \/>\nMinitiimin You Turn Heads<br \/>\nMinitiimin Angel In Disguise<br \/>\nMinitiimin Aim For Fame<br \/>\nMinitiimin Cute Overloaded<br \/>\nMinitiimin Gosh These Curves<br \/>\nMinitiimin Instant Crush<\/p>\n<p><b>Agilitykiiturit | <span style=\"color: #888888;\">Agility dogs<\/span><\/b><\/p>\n<p><strong>FI AVA<\/strong> Minitiimin Save Our Souls<br \/>\nMinitiimin Quite A Fellow<br \/>\nMinitiimin Shine On High<br \/>\nMinitiimin Cruizn On Cloud Nine<br \/>\nMinitiimin Kidnap My Heart<\/p>\n","protected":false},"excerpt":{"rendered":"<p>Olen vasta aloitellut pienimuotoista shetlanninlammaskoirakasvatusta. Pentueita olen kasvattanut vuodesta 2002. Pohjaty\u00f6t\u00e4 olen tehnyt kuitenkin vuodesta 1992, jolloin hankin ensimm\u00e4isen shelttini. Vaikka kriteerini jalostuskoiralle on tiukat (terveys, rodunomaisuus ja hyv\u00e4 luonne), katson koiraa aina kokonaisuutena. Perusl\u00e4ht\u00f6kohdat tulee olla kunnossa &#8211; t\u00e4ydellist\u00e4 sheltti\u00e4h\u00e4n ei ole olemassakaan. Suunnitelmallisen jalostusty\u00f6n tavoitteena on yritt\u00e4\u00e4 kitke\u00e4 jalostusyksil\u00f6iden olemassa olevat viat pois &hellip; <a href=\"https:\/\/www.minitiimi.com\/?page_id=104\" class=\"more-link\">Jatka lukemista <span class=\"screen-reader-text\">Pentueet | My breeding<\/span> <span class=\"meta-nav\">&rarr;<\/span><\/a><\/p>\n","protected":false},"author":1,"featured_media":107,"parent":0,"menu_order":2,"comment_status":"closed","ping_status":"closed","template":"","meta":[],"_links":{"self":[{"href":"https:\/\/www.minitiimi.com\/index.php?rest_route=\/wp\/v2\/pages\/104"}],"collection":[{"href":"https:\/\/www.minitiimi.com\/index.php?rest_route=\/wp\/v2\/pages"}],"about":[{"href":"https:\/\/www.minitiimi.com\/index.php?rest_route=\/wp\/v2\/types\/page"}],"author":[{"embeddable":true,"href":"https:\/\/www.minitiimi.com\/index.php?rest_route=\/wp\/v2\/users\/1"}],"replies":[{"embeddable":true,"href":"https:\/\/www.minitiimi.com\/index.php?rest_route=%2Fwp%2Fv2%2Fcomments&post=104"}],"version-history":[{"count":22,"href":"https:\/\/www.minitiimi.com\/index.php?rest_route=\/wp\/v2\/pages\/104\/revisions"}],"predecessor-version":[{"id":1080,"href":"https:\/\/www.minitiimi.com\/index.php?rest_route=\/wp\/v2\/pages\/104\/revisions\/1080"}],"wp:featuredmedia":[{"embeddable":true,"href":"https:\/\/www.minitiimi.com\/index.php?rest_route=\/wp\/v2\/media\/107"}],"wp:attachment":[{"href":"https:\/\/www.minitiimi.com\/index.php?rest_route=%2Fwp%2Fv2%2Fmedia&parent=104"}],"curies":[{"name":"wp","href":"https:\/\/api.w.org\/{rel}","templated":true}]}}